n c is divided by 8.
5
What is the remainder when 4 + 7 + -2 - 1 is divided by 5?
3
Suppose 0 = t - 3*i - 169, -784 = -3*t + 5*i - 273. Calculate the remainder when t is divided by 25.
22
Let n = 46 + 10. Suppose 34 - 13 = 2*k + d, 5*k - d = n. What is the remainder when k is divided by 3?
2
Let b = 5 - 5. Suppose 5*d - 15 = b, d = 2*s - 2*d - 11. Calculate the remainder when 29 is divided by s.
9
Let l(j) = -j**3 + 3. Calculate the remainder when 21 is divided by l(-2).
10
Suppose 2*w - 5*h + 65 = -0*h, 3*h = w + 31. Let y be w/(-7) - (-8)/28. Calculate the remainder when 11 is divided by (21/(-14))/(y/(-16)).
3
Let k be 1 + 21 + (-6 - -4). Suppose 131 = 3*n + k. Calculate the remainder when n is divided by 10.
7
Suppose 0 = f - 20. Suppose f = 2*j - j. Calculate the remainder when j is divided by 24/60 - (-53)/5.
9
Let q be 0/(-2 + 0) - -2. Let m be 76/28 + 2/7. Suppose -m*v - q = -4*v. Calculate the remainder when v is divided by 1.
0
Suppose -4 + 28 = 4*t. Calculate the remainder when 9 is divided by t.
3
Suppose -99 = 4*m - 7*m. Calculate the remainder when m is divided by 11.
0
Suppose 0 = 4*w - 23 + 7. Let c(x) = 2*x**2 + 2*x - 2. Let m be c(-3). Let b = 16 - m. Calculate the remainder when b is divided by w.
2
Let d = 12 - 0. Calculate the remainder when 20 is divided by d.
8
What is the remainder when 85 is divided by 8/20*(3 - -52)?
19
Suppose 0 = -3*l - 5*i - 41, 2*l + 5*i - 31 = 5*l. What is the remainder when 42 is divided by l/8*30/(-3)?
12
Suppose 9*r - 7*r - 28 = 0. What is the remainder when 53 is divided by r?
11
Let x = -100 - -145. Suppose 4*z - x = 31. Calculate the remainder when z is divided by 5.
4
Let j(f) = -2*f + 2. Suppose 0 = -4*y - q + 29, -5 = 5*y - 6*y - q. Let r be 1*-1*y/2. Calculate the remainder when j(r) is divided by 4.
2
Suppose y = -3*s + 16, -3*s - 2*y - 8 = -7*s. Suppose -26 = -s*h - 2. Calculate the remainder when 23 is divided by h.
5
Suppose -4*u + 20 = -5*u - 5*n, -5*n + 5 = -4*u. Let t(f) = f + 16. Calculate the remainder when 42 is divided by t(u).
9
Let i(l) = -l**3 - l**2. Calculate the remainder when 15 is divided by i(-2).
3
Let b = -2 + 11. Suppose -5*f + 46 = 3*g, -2*g + 56 = 3*g - 2*f. Suppose -g = -3*s + s. Calculate the remainder when b is divided by s.
3
Suppose 4*u + p - 6*p = 51, 0 = -3*u + p + 52. Calculate the remainder when 36 is divided by u.
17
Let n = -52 + 8. Let d = -22 - n. What is the remainder when 64 is divided by d?
20
Let u(y) = 4*y**3 - 2*y**2 - 2*y + 2. What is the remainder when 87 is divided by u(2)?
21
Suppose 5*t - 177 = -22. Calculate the remainder when 152 is divided by t.
28
Suppose -2*n + 62 = -154. What is the remainder when n is divided by 6/(-14) + (-2882)/(-77)?
34
Suppose 0 = 5*m + n + 736, -2*m - 270 = -n + 30. What is the remainder when m/(-3) + (-1)/3 is divided by 17?
15
Suppose -2*r + 319 = 4*z - 7*r, 2*z - 187 = -3*r. Let n = z + -36. What is the remainder when n is divided by 13?
11
Suppose -22 = -2*c - 2*l, 1 = 2*c - 2*l - 5. What is the remainder when c is divided by 3?
1
Suppose -x - 5*m = x + 1, -5*m - 5 = 0. Calculate the remainder when x is divided by 2.
0
Suppose -3*f = -3*i - 5*f + 29, -2*i = -2*f - 36. What is the remainder when i is divided by 6?
1
Let t(z) = z**3 + 29*z**2 - 33*z - 61. Calculate the remainder when 81 is divided by t(-30).
23
What is the remainder when ((-1)/(-2))/((-4)/(-744)) is divided by 24?
21
Let q(h) = 2*h - 12. Let r be q(8). Calculate the remainder when (-2 - -3 - 3) + r is divided by 2.
0
Suppose -4*f + 32 = -4*u, 2*u + 0 = -2. Suppose 0 = -2*t + f + 3. Calculate the remainder when t is divided by (4/(-6))/(4/(-18)).
2
Let x = -13 - -32. Calculate the remainder when x is divided by 7.
5
Let i = -11 + 24. Let p(o) = -o**3 - 3*o + 2. Calculate the remainder when p(-3) is divided by i.
12
Let v = 0 + 9. Calculate the remainder when 9/(3*(-3)/(-24)) is divided by v.
6
Suppose 4*y - 48 = 48. Suppose -62 - 8 = -2*d. Let t = d - y. Calculate the remainder when 32 is divided by t.
10
Suppose 0 = -2*r + 2*d + 6 + 22, 5*r - 4*d - 72 = 0. Calculate the remainder when 26 is divided by r.
10
Let s be (-90)/(-25) + 4/10. Let f(a) = -a**2 + 6*a - 3. Let d be f(s). Suppose 0*m = -d*m + 30. Calculate the remainder when 16 is divided by m.
4
Let y = -2 + 5. Suppose v + 1 = y*s - 1, 3*v = 3*s. Calculate the remainder when -1 + 14 + 2/s is divided by 8.
7
Suppose 0 = g - 2*p + 5, 3*g - p - 5 = -0*g. Let c = 14 + -7. Calculate the remainder when c is divided by g.
1
Suppose 123 = 4*k + d, -7*k = -3*k - 2*d - 126. Let j be (-33)/(-5) + 3/(-5). Calculate the remainder when k is divided by (-2 - 4/j)*-6.
15
Suppose 21 = p - 6. Calculate the remainder when 134 is divided by p.
26
Suppose -2*u + 12 = 2*u. Suppose -4*g + 36 = -5*h, -5*g + 22 = -h - 2. What is the remainder when g is divided by u?
1
Suppose -3*a - 3*l = 123, -2*a - 4*l - 75 = 17. Let x = a - -67. Calculate the remainder when x is divided by 11.
9
Suppose 0 = 5*b - 3*q, 2*b + 3 + 1 = 2*q. Suppose -b*i - 2*i + 40 = 0. What is the remainder when 14 is divided by i?
6
Let l be 3/(-4)*24/2. Let t be 48/l*(-54)/8. Suppose -3*s - 3 = o + 1, -5*s = -o + t. What is the remainder when 21 is divided by o?
10
Let r(k) = -k**3 - 3*k**2 - 2*k + 1. Let u be r(-4). Suppose 0 = -4*p - p + u. Calculate the remainder when p is divided by 3 + -5 + (0 - -5).
2
Suppose 4*i + 2*v - 42 - 40 = 0, -4*i + 2*v = -102. Suppose x + 0 = 8. What is the remainder when i is divided by x?
7
What is the remainder when (78/18)/(1/18) is divided by 20?
18
Suppose -288 = -0*d - 4*d. Let g = d - 23. Calculate the remainder when g is divided by 13.
10
Let n(j) = j**3 - 5*j**2 + j - 1. Let b be n(5). Calculate the remainder when 16 is divided by (-9)/2*b/(-3).
4
Suppose 65 = 4*k - 7. Suppose 50 = -4*w + 14*w. What is the remainder when k is divided by w?
3
Let h(d) = -d**3 + 4. Let g be h(0). Suppose -c + 320 = g*c. Calculate the remainder when c is divided by 22.
20
Suppose -31*t = -32*t + 4. Calculate the remainder when 50 is divided by t.
2
Let p = 7 + -4. Suppose -6*k + 28 = 10. Calculate the remainder when p is divided by k.
0
Let g(y) = 3*y**2 + 9*y + 1. Let c be g(-6). Let t = c + -16. Calculate the remainder when t is divided by 21.
18
Let a = 9 - -65. Let p(t) = t + 9. Let k be p(-7). Suppose -5*m + 4*h = -125, 26 = k*m - 3*h - 24. Calculate the remainder when a is divided by m.
24
Let l(v) = 7*v**2 + 4*v + v**3 + 2*v**2 + 2*v**2 - 3*v**2 + 1. What is the remainder when l(-7) is divided by 8?
6
Let h(s) = 3*s + 3 - 2*s + 6. Let q be (-2)/5 + 66/(-10). What is the remainder when h(q) is divided by 1?
0
What is the remainder when (-10 + -3)/(1 + -2) is divided by 7?
6
Suppose -64 = -2*g - 14. Let t = 0 - 10. Let r = -1 - t. What is the remainder when g is divided by r?
7
Let n = 6 + -4. Let d = -2 - -4. Suppose 2*s - s = d. Calculate the remainder when s is divided by n.
0
Let n(p) = 2*p + p - 2 + p. What is the remainder when 77 is divided by n(7)?
25
Suppose 3*v - 34 = -2*t, 0*t - v = 2*t - 38. Calculate the remainder when t is divided by 11.
9
Let n(z) = 2*z**2 - 4*z**2 + 7*z + z**2 + 4. Calculate the remainder when 7 is divided by n(7).
3
Let x = 48 - 26. Suppose 0*k - 2*k = -x. Calculate the remainder when k is divided by 4.
3
Suppose -2*u + 215 = -5*n + 86, -5 = 5*n. Calculate the remainder when u is divided by 7.
6
Suppose -b - 4*z + 10 = -7, 3*b - 51 = 3*z. Let i = 6 + -1. Suppose -3*h = 4*d - 95, -i*d - 23 = -3*h + 81. Calculate the remainder when h is divided by b.
16
Let h = -10 + 15. Calculate the remainder when 14 is divided by h.
4
Let l(x) = -10*x + 3. What is the remainder when l(-3) is divided by 7?
5
Suppose 0 = 5*g - g - 360. Suppose 135 = 5*f - 2*t, 4*f - 2*t = -4*t + g. Let i(j) = -7*j - 8. What is the remainder when f is divided by i(-3)?
12
What is the remainder when 4 is divided by (-5)/(-30)*-2 + (-14)/(-6)?
0
Let p be 5*(2 - 12/5). Let y = -11 - -7. Let s = p - y. Calculate the remainder when 2 is divided by s.
0
Calculate the remainder when 3/15 - 44/(-5) is divided by 5.
4
Suppose 105 = -194*d + 197*d. Calculate the remainder when 138 is divided by d.
33
Suppose 359 = 8*h - 353. Calculate the remainder when h is divided by 15.
14
Let z = -13 + 23. What is the remainder when 4